*f - 2675. What is z(-33)?
-497
Let v(p) = p**3 - 153*p**2 - 1994*p + 4204. Give v(165).
1894
Let y(x) = -2201*x + 24918. Determine y(11).
707
Let b(v) = 259*v + 3893. Give b(-21).
-1546
Let y(n) = n**3 - 29*n**2 + 21*n - 1418. Give y(29).
-809
Let n(i) = -117*i**2 - 919*i - 287. Calculate n(-6).
1015
Let p(l) = l**2 + 562*l + 74717. Calculate p(-217).
-148
Let v(o) = -26*o**2 + 90*o + 154. Give v(11).
-2002
Let k(v) = -v**3 + 39*v**2 + 1262*v - 9270. Determine k(58).
10
Let x(f) = f**3 + 17*f**2 - 27*f - 660. What is x(-17)?
-201
Let t(a) = -a**3 + 194*a**2 + 567*a + 4078. Calculate t(197).
-650
Let n(w) = w**3 - 82*w**2 - 257*w + 1022. Calculate n(85).
852
Let w(b) = 2*b**2 - 2299*b + 9159. Calculate w(4).
-5
Let t(g) = 49597*g + 1636711. Give t(-33).
10
Let z(r) = -2*r**3 + 886*r**2 + 398877*r - 836. Calculate z(-277).
-5
Let g(y) = -2*y**3 - 914*y**2 - 4529*y - 4043. Give g(-452).
25
Let u(n) = 5*n**2 + 8091*n + 96346. Determine u(-12).
-26
Let h(v) = 135*v + 546. Give h(1).
681
Let z(i) = i**2 - 470*i - 411261. What is z(-448)?
3
Let f(p) = p**2 + 10717*p + 639410. What is f(-60)?
-10
Let k(v) = 811*v + 4511. Give k(-4).
1267
Let i(s) = 4*s**3 + 4*s**2 + 153*s + 455. Determine i(-3).
-76
Let w(p) = -3*p**2 - 213*p + 2885. Determine w(17).
-1603
Let z(o) = 4*o**3 + 1930*o**2 + 47483*o + 182. Determine z(-26).
0
Let r(w) = w**3 + 7*w**2 + 35*w + 310. Determine r(-6).
136
Let v(s) = -s**3 - 495*s**2 - 16095*s + 179. Give v(-35).
4
Let t(w) = -25777*w + 3041687. Calculate t(118).
1
Let k(m) = 4*m**3 + 22*m**2 - 116*m + 15. Give k(-9).
-75
Let o(u) = -13515*u - 67632. Calculate o(-5).
-57
Let l(o) = 730*o**2 + 48*o + 52. Calculate l(-1).
734
Let r(y) = 4*y**2 - 5583*y + 11165. What is r(2)?
15
Let d(v) = -2255*v**3 - 532*v**2 + 516*v - 2. What is d(1)?
-2273
Let n(c) = 7*c**2 + 134*c + 424. Calculate n(-4).
0
Let n(h) = -h**3 + 120*h**2 + 73*h + 20849. What is n(122)?
-13
Let p(t) = -t**2 - 284*t + 5993. Calculate p(21).
-412
Let f(x) = -864*x - 41410. Give f(-48).
62
Let p(w) = -w**3 + 4*w**2 - 76*w + 583. Calculate p(8).
-281
Let m(a) = -9*a**3 - 12*a**2 - 821*a - 3. Determine m(0).
-3
Let j(b) = -b**3 - 12*b**2 - 21*b - 23. Give j(-9).
-77
Let g(b) = 192*b + 6573. Determine g(-36).
-339
Let x(u) = -3*u**2 + 264*u + 55556. What is x(187)?
17
Let a(d) = 2355*d - 115389. What is a(49)?
6
Let d(a) = 17944*a + 897201. Determine d(-50).
1
Let q(b) = -23*b**2 + 3552*b - 14218. Calculate q(4).
-378
Let y(m) = -62*m**3 + m**2 + 347*m - 695. Give y(2).
-493
Let z(k) = k**2 - 25*k - 2479. Give z(65).
121
Let d(r) = 2*r**2 - 5914*r - 100212. What is d(-17)?
904
Let n(u) = -8*u**3 + 2*u**2 + 223*u - 843. Give n(4).
-431
Let m(k) = k**3 - 13*k**2 - 77*k + 636. What is m(17)?
483
Let x(b) = 1622*b + 1057535. Calculate x(-652).
-9
Let k(x) = 3*x**2 + 570*x + 16054. Determine k(-34).
142
Let l(v) = -v**3 + 1510*v**2 - 14998*v - 81. What is l(10)?
-61
Let c(a) = -28*a**2 - 747*a + 1142. Calculate c(-29).
-743
Let n(t) = t**2 + 16971*t - 834036. Calculate n(49).
-56
Let m(r) = -3*r**3 - 220*r**2 - 290*r - 119. Determine m(-72).
25
Let b(w) = 4*w**2 + 159*w - 2064. Give b(9).
-309
Let k(j) = -31*j**3 + 712*j**2 - 15*j + 54. Give k(23).
-820
Let z(u) = 40231*u - 12833691. Calculate z(319).
-2
Let v(y) = 178*y - 182. What is v(6)?
886
Let w(a) = a**3 + 176*a**2 + 7739*a - 81. What is w(-90)?
9
Let o(u) = 37*u**2 + 8355*u + 324370. Determine o(-176).
2
Let u(v) = v**3 + 11*v**2 - 3757*v - 71542. Determine u(-20).
-2
Let i(m) = 531*m + 39272. Determine i(-73).
509
Let b(w) = 2*w**3 + 1356*w**2 + 2709*w - 9. Calculate b(-2).
-19
Let m(w) = 2*w**2 - 405*w + 16722. Give m(145).
47
Let z(y) = y**3 - 197*y**2 + 2274*y - 9984. Give z(185).
6
Let r(w) = -341*w**2 - 1713*w + 36. Determine r(-5).
76
Let p(k) = k**3 + 74*k**2 - 29*k - 2558. Give p(-74).
-412
Let x(u) = -u**3 - 86*u**2 + 88*u + 353. Determine x(-87).
266
Let t(h) = 2*h**2 - 300*h + 10473. Calculate t(57).
-129
Let a(h) = 1288*h - 215337. What is a(167)?
-241
Let o(m) = 3*m**3 + 173*m**2 - 598*m + 1012. What is o(-61)?
280
Let p(w) = -w**2 - 197*w + 44181. Give p(128).
2581
Let u(i) = -2*i**3 + 127*i**2 - 179*i + 1320. What is u(62)?
1754
Let g(o) = -220*o - 581. What is g(-4)?
299
Let d(p) = 2*p**3 + 8*p**2 - 110*p - 649. Calculate d(-6).
-133
Let v(m) = -10*m**3 - 88*m**2 - 68*m + 17. Determine v(-8).
49
Let j(i) = 899*i + 2384. What is j(-3)?
-313
Let z(r) = -r**2 + 502*r - 6936. Calculate z(14).
-104
Let v(y) = y**3 - 122*y**2 - 422*y + 65702. Give v(121).
-1
Let d(t) = -136*t**2 + 18418*t - 7828. Give d(135).
2
Let h(f) = -675419*f + 10131294. Give h(15).
9
Let n(h) = -2*h**3 - h**2 + 63*h - 282. Determine n(8).
-866
Let a(k) = -8*k**2 + 394*k - 2167. What is a(43)?
-17
Let k(c) = 579*c + 51702. Determine k(-88).
750
Let b(s) = 207206*s + 1243242. Calculate b(-6).
6
Let s(b) = -2296*b**2 - 45918*b + 14. Give s(-20).
-26
Let o(j) = -6*j**2 - 2*j + 90. Calculate o(-6).
-114
Let z(r) = -22*r**2 + 325*r + 723. What is z(-2)?
-15
Let m(o) = 2*o**3 + 628*o**2 - 3156*o - 25. Calculate m(5).
145
Let x(i) = 110429*i - 14245356. Give x(129).
-15
Let a(j) = j**3 - 35*j**2 - 193*j - 2313. Calculate a(41).
-140
Let a(p) = -3*p**2 + 89915*p - 629254. Determine a(7).
4
Let v(k) = -543*k**2 + 2576*k - 6. Determine v(5).
-701
Let m(k) = -9323*k - 55918. Give m(-6).
20
Let k(a) = a**3 - 10*a**2 + 176*a - 2385. Give k(12).
15
Let o(g) = -g**3 + 34*g**2 - 782*g + 14928. What is o(26)?
4
Let s(n) = -n**2 + 1207*n - 99735. Calculate s(89).
-233
Let t(j) = -417*j**2 + 30924*j - 4890. Give t(74).
-6
Let y(u) = -34*u**2 - 12114*u - 3567. Determine y(-356).
-7
Let h(u) = u**2 + 2322*u - 6972. Give h(3).
3
Let f(d) = d**3 + 6*d**2 - 442*d - 2840. What is f(-21)?
-173
Let q(t) = 98*t**2 - 820*t + 3291. Give q(4).
1579
Let i(f) = -8556*f**2 + 17060*f + 122. Give i(2).
18
Let i(g) = -42*g + 6220. What is i(146)?
88
Let x(k) = k**2 - 147717*k + 16826730. What is x(114)?
-12
Let a(o) = 207*o - 16808. Give a(78).
-662
Let b(h) = -115*h**2 + 1029*h + 1030. Calculate b(-1).
-114
Let u(d) = 2*d**3 - 65*d**2 + 175*d - 6846. What is u(33)?
18
Let o(h) = -550*h + 3506. What is o(7)?
-344
Let m(q) = 682771*q + 10241589. Give m(-15).
24
Let l(w) = 10*w**2 - 2082*w - 15069. Calculate l(-7).
-5
Let i(b) = -b**3 + 3*b**2 + 758*b - 2259. Give i(3).
15
Let h(o) = -224*o - 272. Determine h(1).
-496
Let g(a) = a**3 + 38*a**2 - 856*a + 12935. Give g(-57).
-4
Let t(s) = -67*s**2 + 4976*s + 9957. Determine t(-2).
-263
Let p(l) = -l**3 + 92*l**2 + 2*l - 16373. What is p(90)?
7
Let y(b) = 24683*b - 246888. What is y(10)?
-58
Let o(a) = 5*a**3 + 637*a**2 + 454*a + 107274. Determine o(-128).
10
Let k(j) = -1859*j - 518658. Give k(-279).
3
Let x(r) = -4*r**2 + 166*r - 135. Calculate x(41).
-53
Let x(a) = -a**3 + 10*a**2 + 101*a + 22. Calculate x(18).
-752
Let l(v) = v**3 - 32*v**2 - 856*v + 23850. Give l(38).
-14
Let a(j) = j**2 + 3103*j - 6198. Determine a(2).
12
Let f(p) = 2631*p - 14451. What is f(5)?
-1296
Let i(q) = 894*q + 91190. What is i(-102)?
2
Let i(h) = 15*h**2 + 3477*h - 45458. Determine i(13).
2278
Let q(r) = -r**3 + 14*r**2 + 343*r - 122. Give q(-13).
-18
Let d(z) = 8113*z + 251359. Calculate d(-31).
-144
Let i(y) = -5*y**3 - 42*y**2 + 40*y + 132. What is i(-9)?
15
Let u(d) = -d**3 - 9*d**2 + 151*d - 664. Calculate u(6).
-298
Let u(n) = -160*n + 13898. Calculate u(98).
-1782
Let o(d) = -d**3 + 2*d**2 - 631*d - 3214. Determine o(-5).
116
Let n(i) = 30434*i + 182590. Give n(-6).
-14
Let f(o) = -108*o - 3168. What is f(-34)?
504
Let z(y) = -3*y**2 - 787*y - 17689. Calculate z(-25).
111
Let f(u) = -38201*u + 191024. Determine f(5).
19
Let w(g) = 59*g - 1323. Determine w(13).
-556
Let d(x) = -x**2 - 21060*x + 2669426. Give d(126).
-10
Let v(o) = 18*o**2 + 413*o - 1366. Give v(3).
35
Let g(q) = -13262*q + 676402. Give g(51).
40
Let u(s) = -2*s**2 - 13405*s - 559509. Give u(-42).
-27
Let d(p) = -20*p**2 + 1015*p - 86. Calculate d(52).
-1386
Let u(f) = -f**3 + 40*f**2 + 32*f + 187. Give u(41).
-182
Let b(x) = 47*x**2 + 257*x + 5. Give b(-6).
155
Let k(n) = 1230*n + 161137. What is k(-131)?
7
Let m(r) = 1723*r - 337796. What is m(196)?
-88
Let u(l) = 5*l**2 - 8*l + 158. Give u(-15).
1403
Let f(k) = k**2 + 253*k + 9681. What is f(-48)?
-159
Let k(z)